{"id":193,"date":"2022-04-05T22:02:11","date_gmt":"2022-04-05T13:02:11","guid":{"rendered":"https:\/\/mkplus-evtol.com\/wp\/?page_id=193"},"modified":"2024-05-12T02:22:18","modified_gmt":"2024-05-11T17:22:18","slug":"greeting","status":"publish","type":"page","link":"https:\/\/mkpl.co.jp\/it\/greeting\/","title":{"rendered":"Saluti"},"content":{"rendered":"\n<h2 class=\"wp-block-heading\">Saluti<\/h2>\n\n\n\n<div class=\"wp-block-columns is-layout-flex wp-container-core-columns-is-layout-28f84493 wp-block-columns-is-layout-flex\">\n<div class=\"wp-block-column is-layout-flow wp-block-column-is-layout-flow\" style=\"flex-basis:66.66%\">\n<p class=\"has-text-align-left\">MKPLUS \u00e8 al suo terzo anno di vita ed \u00e8 stata avviata da zero nel luglio 2017. Abbiamo pensato alle opportunit\u00e0 esterne e a quali fossero i punti di forza della nostra azienda mentre correvamo, e la conclusione a cui siamo arrivati \u00e8 stata &#8220;il valore intellettuale&#8221;.\nNella societ\u00e0 dell&#8217;informazione di oggi, tutto pu\u00f2 essere cercato via internet. In questo senso, le conoscenze e le informazioni possono essere ottenute facilmente, ma non hanno senso se non sono abbinate alla giusta comprensione e al corretto utilizzo. Non ha senso nemmeno se \u00e8 a macchia di leopardo. Sembra che per essere &#8220;utile&#8221; debba essere pi\u00f9 completa.\nDa ottobre 2017, riceviamo quasi ogni giorno richieste e consultazioni tramite passaparola.\nAbbiamo una conoscenza che non \u00e8 solo qualcosa che si pu\u00f2 ricercare. Abbiamo deciso di aprire il nostro sito web al pubblico perch\u00e9 sembra che aiuti davvero molte persone.\nTuttavia, ci sono dei limiti fisici per trattare tutto, quindi ci occupiamo solo di questioni legate al denaro, agli affari e alla produzione nelle attivit\u00e0 economiche delle aziende.\nLe conoscenze di cui ci occupiamo sono solo quelle che potete trovare su internet o nei libri, o se avete molti contatti con molte persone.\nTuttavia, vi arriver\u00e0 come qualcosa di completamente diverso da ci\u00f2 che avete letto o sentito altrove.\nNon vediamo l&#8217;ora di incontrarvi.<\/p>\n<\/div>\n\n\n\n<div class=\"wp-block-column is-layout-flow wp-block-column-is-layout-flow\" style=\"flex-basis:33.33%\">\n<figure class=\"wp-block-image alignright epb-animation-fadeInUp epb-duration-1000ms\"><img decoding=\"async\" src=\"https:\/\/mkpl.co.jp\/wp\/wp-content\/uploads\/2022\/11\/kurokawa.jpg\" alt=\"\u4ee3\u8868\u53d6\u7de0\u5f79\u793e\u9577 \u9ed2\u5ddd\u548c\u7950\"\/><\/figure>\n\n\n\n<figure class=\"wp-block-image alignright\"><img decoding=\"async\" src=\"https:\/\/mkpl.co.jp\/wp\/wp-content\/uploads\/2022\/11\/kurokawa.png\" alt=\"\u4ee3\u8868\u53d6\u7de0\u5f79\u793e\u9577 \u9ed2\u5ddd\u548c\u7950\"\/><\/figure>\n<\/div>\n<\/div>\n\n\n\n<h2 class=\"wp-block-heading\">Rappresentanti<\/h2>\n\n\n\n<p>La sua esperienza nella gestione\/pianificazione aziendale in grandi aziende le ha permesso di acquisire una buona conoscenza della finanza e un&#8217;ampia gamma di competenze, dall&#8217;avvio di un&#8217;attivit\u00e0 alla costruzione e gestione di una grande organizzazione di personale.<\/p>\n\n\n\n<figure class=\"wp-block-table\"><table><tbody><tr><th>1998 Mar.<\/th><td>Laurea in giurisprudenza, Universit\u00e0 di Osaka<\/td><\/tr><tr><th>1998 Apr.<\/th><td>Toray Industries, Inc. Si \u00e8 occupata di vendite nazionali e internazionali e di pianificazione aziendale.<\/td><\/tr><tr><th>2007 Feb.<\/th><td>GE Fleet Services Ltd, nel settore vendite\/marketing.<\/td><\/tr><tr><th>2009, agosto.<\/th><td>Mitsubishi Auto Leasing Corporation Si occupa anche della gestione aziendale generale.<\/td><\/tr><tr><th>2016 Mar.<\/th><td>Societ\u00e0 IT quotata in borsa Impegnata nella pianificazione aziendale.<\/td><\/tr><tr><th>2017, Mar.<\/th><td>Indipendenza.Nominato direttore di rappresentanza di MKPLUS Co. Ottobre dello stesso anno &#8211; Inizia a fornire servizi di consulenza finanziaria.<\/td><\/tr><tr><th>2018, aprile.<\/th><td>Ha incontrato il dottor Ametsutsumi, una figura ben nota nel settore delle batterie, e ha avviato un progetto di sviluppo di batterie ricaricabili agli ioni di litio.<\/td><\/tr><tr><th>2019, gennaio.<\/th><td>Avviare un&#8217;attivit\u00e0 aerospaziale.<\/td><\/tr><tr><th>2020 gennaio.<\/th><td>Avvio dell&#8217;attivit\u00e0 di marketing digitale\/produzione video.<\/td><\/tr><\/tbody><\/table><\/figure>\n\n\n\n<h2 class=\"wp-block-heading\">Membri del consiglio di amministrazione<\/h2>\n\n\n\n<div class=\"wp-block-columns is-layout-flex wp-container-core-columns-is-layout-28f84493 wp-block-columns-is-layout-flex\">\n<div class=\"wp-block-column is-layout-flow wp-block-column-is-layout-flow\" style=\"flex-basis:66.66%\">\n<h4 class=\"wp-block-heading\">Director: Dominik Steiner<\/h4>\n\n\n\n<p>Imprenditore di esperienza internazionale con una comprovata esperienza in vari settori, tra cui quello dell&#8217;aviazione.<\/p>\n\n\n\n<p>CEO di NewJetCo K.K. e NewJetCo Europe; ha fondato e chiuso una societ\u00e0 di jet privati (aprile 2005 &#8211; aprile 2019).<\/p>\n\n\n\n<p>Ha stabilito tutti i processi operativi necessari per l&#8217;acquisizione, la vendita e la gestione degli aeromobili. Acquisizione di clienti e consulenza sulle loro esigenze in materia di aeromobili.<\/p>\n\n\n\n<p>Assumere un team operativo e impiegare equipaggio e personale di supporto.<\/p>\n\n\n\n<p>Presidente del Comitato per l&#8217;aviazione d&#8217;affari giapponese dell&#8217;European Business Council (EBC), che esercita pressioni sul governo giapponese e sulle industrie collegate per quanto riguarda l&#8217;aviazione giapponese Kantonsschule Baden, laurea in matematica. Laurea in Giurisprudenza, Universit\u00e0 di Zurigo.<\/p>\n\n\n\n<p>EU Business School, Executive MBA; inoltre Scuola di volo militare svizzera e brevetto di pilota militare svizzero.<\/p>\n<\/div>\n\n\n\n<div class=\"wp-block-column is-layout-flow wp-block-column-is-layout-flow\" style=\"flex-basis:33.33%\">\n<figure class=\"wp-block-image size-large epb-animation-fadeInUp epb-duration-1000ms epb-margin-top__96\"><img decoding=\"async\" src=\"https:\/\/mkpl.co.jp\/it\/wp-content\/uploads\/2022\/04\/1339eab80b224abd61c9eb3741ba51cc.jpg\" alt=\"\"\/><\/figure>\n<\/div>\n<\/div>\n\n\n\n<div class=\"wp-block-columns is-layout-flex wp-container-core-columns-is-layout-28f84493 wp-block-columns-is-layout-flex\">\n<div class=\"wp-block-column is-layout-flow wp-block-column-is-layout-flow\" style=\"flex-basis:66.66%\">\n<h4 class=\"wp-block-heading\">Direttore: Masahiro Noguchi<\/h4>\n\n\n\n<p>Nato nel 1984 nella Prefettura di Aichi, Giappone<\/p>\n\n\n\n<p>Laureato presso l&#8217;Universit\u00e0 di Nanzan, Facolt\u00e0 di Giurisprudenza. \u00c8 entrato a far parte della Mitsubishi Corporation Technos, dove si \u00e8 occupato della proposta e della vendita di beni di produzione e dello sviluppo e dell&#8217;avvio di impianti di produzione per la fabbricazione di aerei, veicoli aerei e motori a razzo. Ha intrattenuto rapporti con aziende aerospaziali in Europa e negli Stati Uniti e ha gestito numerosi progetti per l&#8217;introduzione di attrezzature di produzione.<\/p>\n\n\n\n<p>Entrata in MKPLUS nell&#8217;aprile 2020; nominata rappresentante FORMbridge.<\/p>\n\n\n\n<p>Imprenditore di esperienza internazionale con una comprovata esperienza.<\/p>\n<\/div>\n\n\n\n<div class=\"wp-block-column is-layout-flow wp-block-column-is-layout-flow\" style=\"flex-basis:33.33%\">\n<figure class=\"wp-block-image size-large is-resized epb-animation-fadeInUp epb-duration-1000ms epb-margin-top__96\"><img decoding=\"async\" src=\"https:\/\/mkpl.co.jp\/it\/wp-content\/uploads\/2022\/04\/29d3bc99193cb0b837fb8cc53f050ae5.png\" alt=\"\"\/><\/figure>\n<\/div>\n<\/div>\n\n\n\n<div class=\"wp-block-columns is-layout-flex wp-container-core-columns-is-layout-28f84493 wp-block-columns-is-layout-flex\">\n<div class=\"wp-block-column is-layout-flow wp-block-column-is-layout-flow\" style=\"flex-basis:66.66%\"><\/div>\n\n\n\n<div class=\"wp-block-column is-layout-flow wp-block-column-is-layout-flow\" style=\"flex-basis:33.33%\"><\/div>\n<\/div>\n","protected":false},"excerpt":{"rendered":"<p>Saluti MKPLUS \u00e8 al suo terzo anno di vita ed \u00e8 stata avviata da zero nel luglio 2017. Abbiamo pensato alle opp [&hellip;]<\/p>\n","protected":false},"author":1,"featured_media":179,"parent":0,"menu_order":0,"comment_status":"closed","ping_status":"closed","template":"","meta":{"footnotes":""},"class_list":["post-193","page","type-page","status-publish","has-post-thumbnail","hentry"],"_links":{"self":[{"href":"https:\/\/mkpl.co.jp\/it\/wp-json\/wp\/v2\/pages\/193","targetHints":{"allow":["GET"]}}],"collection":[{"href":"https:\/\/mkpl.co.jp\/it\/wp-json\/wp\/v2\/pages"}],"about":[{"href":"https:\/\/mkpl.co.jp\/it\/wp-json\/wp\/v2\/types\/page"}],"author":[{"embeddable":true,"href":"https:\/\/mkpl.co.jp\/it\/wp-json\/wp\/v2\/users\/1"}],"replies":[{"embeddable":true,"href":"https:\/\/mkpl.co.jp\/it\/wp-json\/wp\/v2\/comments?post=193"}],"version-history":[{"count":24,"href":"https:\/\/mkpl.co.jp\/it\/wp-json\/wp\/v2\/pages\/193\/revisions"}],"predecessor-version":[{"id":529,"href":"https:\/\/mkpl.co.jp\/it\/wp-json\/wp\/v2\/pages\/193\/revisions\/529"}],"wp:featuredmedia":[{"embeddable":true,"href":"https:\/\/mkpl.co.jp\/it\/wp-json\/wp\/v2\/media\/179"}],"wp:attachment":[{"href":"https:\/\/mkpl.co.jp\/it\/wp-json\/wp\/v2\/media?parent=193"}],"curies":[{"name":"wp","href":"https:\/\/api.w.org\/{rel}","templated":true}]}}

<h2 class="wp-block-heading">Saluti</h2>



<div class="wp-block-columns is-layout-flex wp-container-core-columns-is-layout-28f84493 wp-block-columns-is-layout-flex">
<div class="wp-block-column is-layout-flow wp-block-column-is-layout-flow" style="flex-basis:66.66%">
<p class="has-text-align-left">MKPLUS è al suo terzo anno di vita ed è stata avviata da zero nel luglio 2017. Abbiamo pensato alle opportunità esterne e a quali fossero i punti di forza della nostra azienda mentre correvamo, e la conclusione a cui siamo arrivati è stata &#8220;il valore intellettuale&#8221;.
Nella società dell&#8217;informazione di oggi, tutto può essere cercato via internet. In questo senso, le conoscenze e le informazioni possono essere ottenute facilmente, ma non hanno senso se non sono abbinate alla giusta comprensione e al corretto utilizzo. Non ha senso nemmeno se è a macchia di leopardo. Sembra che per essere &#8220;utile&#8221; debba essere più completa.
Da ottobre 2017, riceviamo quasi ogni giorno richieste e consultazioni tramite passaparola.
Abbiamo una conoscenza che non è solo qualcosa che si può ricercare. Abbiamo deciso di aprire il nostro sito web al pubblico perché sembra che aiuti davvero molte persone.
Tuttavia, ci sono dei limiti fisici per trattare tutto, quindi ci occupiamo solo di questioni legate al denaro, agli affari e alla produzione nelle attività economiche delle aziende.
Le conoscenze di cui ci occupiamo sono solo quelle che potete trovare su internet o nei libri, o se avete molti contatti con molte persone.
Tuttavia, vi arriverà come qualcosa di completamente diverso da ciò che avete letto o sentito altrove.
Non vediamo l&#8217;ora di incontrarvi.</p>
</div>



<div class="wp-block-column is-layout-flow wp-block-column-is-layout-flow" style="flex-basis:33.33%">
<figure class="wp-block-image alignright epb-animation-fadeInUp epb-duration-1000ms"><img decoding="async" src="https://mkpl.co.jp/wp/wp-content/uploads/2022/11/kurokawa.jpg" alt="代表取締役社長 黒川和祐"/></figure>



<figure class="wp-block-image alignright"><img decoding="async" src="https://mkpl.co.jp/wp/wp-content/uploads/2022/11/kurokawa.png" alt="代表取締役社長 黒川和祐"/></figure>
</div>
</div>



<h2 class="wp-block-heading">Rappresentanti</h2>



<p>La sua esperienza nella gestione/pianificazione aziendale in grandi aziende le ha permesso di acquisire una buona conoscenza della finanza e un&#8217;ampia gamma di competenze, dall&#8217;avvio di un&#8217;attività alla costruzione e gestione di una grande organizzazione di personale.</p>



<figure class="wp-block-table"><table><tbody><tr><th>1998 Mar.</th><td>Laurea in giurisprudenza, Università di Osaka</td></tr><tr><th>1998 Apr.</th><td>Toray Industries, Inc. Si è occupata di vendite nazionali e internazionali e di pianificazione aziendale.</td></tr><tr><th>2007 Feb.</th><td>GE Fleet Services Ltd, nel settore vendite/marketing.</td></tr><tr><th>2009, agosto.</th><td>Mitsubishi Auto Leasing Corporation Si occupa anche della gestione aziendale generale.</td></tr><tr><th>2016 Mar.</th><td>Società IT quotata in borsa Impegnata nella pianificazione aziendale.</td></tr><tr><th>2017, Mar.</th><td>Indipendenza.Nominato direttore di rappresentanza di MKPLUS Co. Ottobre dello stesso anno &#8211; Inizia a fornire servizi di consulenza finanziaria.</td></tr><tr><th>2018, aprile.</th><td>Ha incontrato il dottor Ametsutsumi, una figura ben nota nel settore delle batterie, e ha avviato un progetto di sviluppo di batterie ricaricabili agli ioni di litio.</td></tr><tr><th>2019, gennaio.</th><td>Avviare un&#8217;attività aerospaziale.</td></tr><tr><th>2020 gennaio.</th><td>Avvio dell&#8217;attività di marketing digitale/produzione video.</td></tr></tbody></table></figure>



<h2 class="wp-block-heading">Membri del consiglio di amministrazione</h2>



<div class="wp-block-columns is-layout-flex wp-container-core-columns-is-layout-28f84493 wp-block-columns-is-layout-flex">
<div class="wp-block-column is-layout-flow wp-block-column-is-layout-flow" style="flex-basis:66.66%">
<h4 class="wp-block-heading">Director: Dominik Steiner</h4>



<p>Imprenditore di esperienza internazionale con una comprovata esperienza in vari settori, tra cui quello dell&#8217;aviazione.</p>



<p>CEO di NewJetCo K.K. e NewJetCo Europe; ha fondato e chiuso una società di jet privati (aprile 2005 &#8211; aprile 2019).</p>



<p>Ha stabilito tutti i processi operativi necessari per l&#8217;acquisizione, la vendita e la gestione degli aeromobili. Acquisizione di clienti e consulenza sulle loro esigenze in materia di aeromobili.</p>



<p>Assumere un team operativo e impiegare equipaggio e personale di supporto.</p>



<p>Presidente del Comitato per l&#8217;aviazione d&#8217;affari giapponese dell&#8217;European Business Council (EBC), che esercita pressioni sul governo giapponese e sulle industrie collegate per quanto riguarda l&#8217;aviazione giapponese Kantonsschule Baden, laurea in matematica. Laurea in Giurisprudenza, Università di Zurigo.</p>



<p>EU Business School, Executive MBA; inoltre Scuola di volo militare svizzera e brevetto di pilota militare svizzero.</p>
</div>



<div class="wp-block-column is-layout-flow wp-block-column-is-layout-flow" style="flex-basis:33.33%">
<figure class="wp-block-image size-large epb-animation-fadeInUp epb-duration-1000ms epb-margin-top__96"><img decoding="async" src="https://mkpl.co.jp/it/wp-content/uploads/2022/04/1339eab80b224abd61c9eb3741ba51cc.jpg" alt=""/></figure>
</div>
</div>



<div class="wp-block-columns is-layout-flex wp-container-core-columns-is-layout-28f84493 wp-block-columns-is-layout-flex">
<div class="wp-block-column is-layout-flow wp-block-column-is-layout-flow" style="flex-basis:66.66%">
<h4 class="wp-block-heading">Direttore: Masahiro Noguchi</h4>



<p>Nato nel 1984 nella Prefettura di Aichi, Giappone</p>



<p>Laureato presso l&#8217;Università di Nanzan, Facoltà di Giurisprudenza. È entrato a far parte della Mitsubishi Corporation Technos, dove si è occupato della proposta e della vendita di beni di produzione e dello sviluppo e dell&#8217;avvio di impianti di produzione per la fabbricazione di aerei, veicoli aerei e motori a razzo. Ha intrattenuto rapporti con aziende aerospaziali in Europa e negli Stati Uniti e ha gestito numerosi progetti per l&#8217;introduzione di attrezzature di produzione.</p>



<p>Entrata in MKPLUS nell&#8217;aprile 2020; nominata rappresentante FORMbridge.</p>



<p>Imprenditore di esperienza internazionale con una comprovata esperienza.</p>
</div>



<div class="wp-block-column is-layout-flow wp-block-column-is-layout-flow" style="flex-basis:33.33%">
<figure class="wp-block-image size-large is-resized epb-animation-fadeInUp epb-duration-1000ms epb-margin-top__96"><img decoding="async" src="https://mkpl.co.jp/it/wp-content/uploads/2022/04/29d3bc99193cb0b837fb8cc53f050ae5.png" alt=""/></figure>
</div>
</div>



<div class="wp-block-columns is-layout-flex wp-container-core-columns-is-layout-28f84493 wp-block-columns-is-layout-flex">
<div class="wp-block-column is-layout-flow wp-block-column-is-layout-flow" style="flex-basis:66.66%"></div>



<div class="wp-block-column is-layout-flow wp-block-column-is-layout-flow" style="flex-basis:33.33%"></div>
</div>

<p>Saluti MKPLUS è al suo terzo anno di vita ed è stata avviata da zero nel luglio 2017. Abbiamo pensato alle opp [&hellip;]</p>
